on factor of 7600 and 118867800.
3800
Calculate the greatest common divisor of 1076 and 38230818.
538
What is the highest common factor of 28308 and 392574?
42
What is the highest common divisor of 79361 and 184098?
61
Calculate the greatest common divisor of 4270238 and 21266.
14
Calculate the greatest common divisor of 2060136 and 13689.
117
Calculate the highest common factor of 5092 and 2287916.
268
Calculate the highest common factor of 10323 and 1406074.
37
What is the highest common factor of 2617254 and 92538?
1746
Calculate the highest common factor of 4732160 and 47680.
320
Calculate the highest common divisor of 242757 and 47656.
37
Calculate the highest common factor of 8107 and 31867.
11
What is the greatest common factor of 1479017 and 2907?
323
Calculate the greatest common divisor of 859069670 and 170.
170
Calculate the greatest common factor of 5038 and 455939.
2519
What is the highest common divisor of 4761 and 137356?
23
Calculate the greatest common factor of 150924 and 372.
12
What is the highest common divisor of 72534385 and 1120?
35
What is the highest common divisor of 2959 and 21360214?
269
Calculate the greatest common factor of 336 and 1451079.
21
What is the greatest common divisor of 775 and 167075275?
775
Calculate the highest common factor of 196941727 and 449.
449
What is the greatest common factor of 3351 and 41220?
3
Calculate the greatest common factor of 375201 and 45261.
423
Calculate the highest common divisor of 18 and 6363558.
18
Calculate the highest common factor of 8190 and 25790.
10
What is the highest common factor of 246218356 and 436?
436
What is the greatest common divisor of 18 and 18716190?
6
Calculate the greatest common factor of 667401 and 229848.
183
What is the greatest common factor of 61031622 and 930?
186
Calculate the greatest common divisor of 166320 and 2156.
308
Calculate the greatest common factor of 56918244 and 48144.
12036
Calculate the greatest common divisor of 590 and 1823874670.
590
What is the highest common divisor of 41553 and 15085197?
729
What is the greatest common factor of 20033762 and 77322?
3682
Calculate the highest common divisor of 25 and 120767925.
25
Calculate the highest common factor of 263069509 and 11764.
2941
What is the greatest common factor of 20 and 100774570?
10
Calculate the greatest common factor of 24650 and 772531.
493
Calculate the greatest common divisor of 40425 and 1869.
21
Calculate the greatest common factor of 94560 and 8720.
80
Calculate the highest common factor of 6120694 and 42850.
1714
Calculate the greatest common divisor of 776 and 1664176.
8
What is the greatest common divisor of 5321 and 15268453?
313
Calculate the highest common factor of 31351645 and 23.
23
Calculate the highest common divisor of 892 and 2443857.
223
Calculate the highest common divisor of 101535 and 70.
35
What is the highest common divisor of 576 and 23424832?
64
Calculate the highest common divisor of 139110951 and 69825.
2793
Calculate the highest common factor of 4020 and 138873915.
1005
What is the greatest common divisor of 15795 and 541936980?
5265
Calculate the greatest common factor of 956 and 63611762.
478
Calculate the greatest common factor of 1008727348 and 647.
647
What is the greatest common divisor of 12052 and 9307157?
3013
What is the highest common divisor of 75 and 2024075?
25
Calculate the highest common divisor of 7247148 and 3504.
876
Calculate the greatest common factor of 2329346 and 61244.
122
Calculate the highest common divisor of 119412 and 958613.
3317
What is the greatest common factor of 43452 and 1356?
12
Calculate the greatest common divisor of 753660 and 22605030.
4770
What is the highest common factor of 7512 and 9893448?
24
Calculate the highest common factor of 471739 and 20586.
47
What is the highest common factor of 75072 and 200583?
1173
What is the greatest common divisor of 2251890 and 1425280?
1310
Calculate the highest common factor of 668 and 110116126.
334
What is the highest common factor of 5249894 and 26?
26
What is the greatest common divisor of 22784 and 57344?
256
What is the highest common divisor of 438 and 3541689462?
438
Calculate the highest common factor of 28 and 28258804.
28
Calculate the highest common factor of 1 and 10600001.
1
Calculate the greatest common divisor of 96020 and 3980.
20
What is the highest common factor of 19 and 22643041?
19
Calculate the highest common factor of 60 and 81285.
15
What is the highest common factor of 4503748 and 5137?
467
What is the highest common divisor of 211707 and 16740535?
7841
What is the greatest common factor of 1656 and 1547496?
72
Calculate the highest common factor of 2130565 and 1845.
205
What is the highest common divisor of 12 and 47666544?
12
What is the highest common divisor of 282074099 and 491?
491
What is the highest common divisor of 86886534 and 105?
21
Calculate the highest common factor of 807 and 2786255463.
807
What is the greatest common divisor of 65 and 4151645?
5
Calculate the greatest common factor of 161406 and 17598.
42
What is the highest common factor of 2184 and 95783688?
2184
Calculate the greatest common factor of 152161 and 8642229.
2579
Calculate the greatest common divisor of 159855865 and 7475.
1495
What is the greatest common factor of 26 and 2365580347?
13
What is the highest common factor of 2782521 and 36540?
1827
What is the greatest common divisor of 379632 and 35231?
719
What is the greatest common divisor of 464 and 92629944?
232
What is the greatest common divisor of 5516 and 251914932?
788
What is the greatest common factor of 832356 and 798?
42
Calculate the highest common factor of 6634 and 161324.
62
Calculate the highest common divisor of 205130 and 1768790.
730
Calculate the highest common divisor of 3544 and 9454949.
443
What is the greatest common factor of 9196728 and 3264?
408
Calculate the highest common divisor of 41499 and 95468.
29
What is the greatest common factor of 1464 and 3308521416?
1464
Calculate the greatest common divisor of 176800 and 97682.
442
Calculate the greatest common divisor of 6730689 and 5332.
31
Calculate the highest common factor of 15736824 and 57912.
3048
What is the greatest common divisor of 230 and 7671?
1
What is the highest common divisor of 296 and 31043?
37
What is the highest common factor of 31827 and 292623?
309
What is the highest common divisor of 253 and 3911863?
23
Calculate the greatest common divisor of 523 and 13261711.
523
What is the highest common divisor of 7075 and 257822056?
283
What is the highest common divisor of 2462180 and 565880?
6020
What is the greatest common factor of 33155084 and 134?
134
What is the highest common divisor of 53472901 and 1675?
67
What is the greatest common divisor of 2244520 and 298?
2
Calculate the greatest common factor of 35761 and 13695.
11
What is the highest common divisor of 3320 and 127758580?
1660
Calculate the greatest common divisor of 2944 and 133768.
184
Calculate the highest common factor of 11872 and 96952688.
5936
Calculate the greatest common divisor of 10183365 and 8901.
207
Calculate the highest common divisor of 29580026 and 196.
98
Calculate the greatest common divisor of 7904 and 4481152.
416
What is the highest common factor of 45 and 5531950?
5
Calculate the greatest common divisor of 78 and 1304134.
26
Calculate the greatest common factor of 5033916 and 468.
36
Calculate the highest common factor of 41 and 622198.
1
Calculate the highest common factor of 408 and 87618.
102
Calculate the highest common factor of 44328 and 1684848.
24
What is the highest common divisor of 1275 and 12410325?
75
Calculate the greatest common divisor of 115304 and 35000.
56
Calculate the highest common divisor of 529 and 31880714.
529
What is the greatest common divisor of 781 and 19401635?
11
What is the highest common divisor of 10764 and 1005444?
36
What is the greatest common factor of 1930746 and 3237?
249
What is the greatest common factor of 5714764 and 460?
92
Calculate the highest common factor of 777 and 6079137.
111
Calculate the greatest common divisor of 107 and 36475123.
107
Calculate the greatest common factor of 3548911 and 1207667.
7409
Calculate the greatest common factor of 3843355 and 195.
5
Wh